 c.
6
Suppose -3*o = 2*n - 5*n + 348, -5*o = -n + 104. Calculate the remainder when n is divided by 31.
26
Suppose 592 = 5*t - x - 2*x, -t + 4*x = -115. Calculate the remainder when t is divided by 30.
29
Suppose -2*f = -5*f + 9. What is the remainder when 33 is divided by f?
0
Suppose 2*l + 5*x = 46, 8*l - 115 = 3*l + 4*x. Let m = l - 14. What is the remainder when 19 + 2 + (-4 - 0) is divided by m?
8
Let x(m) = 3*m**2 + m + 3. What is the remainder when x(-2) is divided by 7?
6
Suppose p = 4*u - 3, 2*u + 5 = 2*p - 7. Let r = p - -4. Calculate the remainder when ((-9)/(-6))/(2/32) is divided by r.
11
Let f be (-6*1)/3 - -17. Suppose 0 = -l - 0*l + f. What is the remainder when l is divided by 8?
7
Let d(a) be the first derivative of 3/2*a**2 + 2 - 3*a. What is the remainder when 10 is divided by d(3)?
4
Let o be (-1 + 0)/1 + 55. Suppose 4*t + 4*d + 22 - 62 = 0, o = 3*t - 5*d. What is the remainder when t is divided by 5?
3
Let o = 103 - 70. Calculate the remainder when 96 is divided by o.
30
Let v be (-4)/(-6) + 16/48. Calculate the remainder when (-2 + (v - -2))*2 is divided by 1.
0
Let k = 7 + -4. Suppose -k*v - 4*r + 40 = -0*v, r - 75 = -4*v. Suppose n - v = -n. What is the remainder when n is divided by 4?
2
Let q(y) = -2*y - 7. Let p be q(-6). Suppose p*t = t + 112. Calculate the remainder when t is divided by 10.
8
Let i(r) = r**3 + 6*r**2 + 5*r + 4. What is the remainder when i(-4) is divided by 6?
4
Let i be -1*-10*1/2. Suppose -i*v = -298 + 53. Suppose 2*c + 2*y - 44 = 0, -4*c + 0*c = -4*y - 48. Calculate the remainder when v is divided by c.
15
Let p(x) = 2*x**2 - 3*x - 8. Suppose -u + 3 + 13 = 0. Calculate the remainder when p(6) is divided by u.
14
Let b = -5 + 5. Suppose 0 = -b*n + n - 67. What is the remainder when n is divided by 23?
21
What is the remainder when (-1)/((-4)/(-1404)*-3) is divided by 30?
27
Suppose 81 - 1 = 4*c - 4*q, -3*c + 5*q = -54. What is the remainder when 136 is divided by c?
21
Let f = -14 + 17. Suppose 2*d + 6 = 0, 3*j = f*d + d + 96. What is the remainder when j is divided by 6?
4
Suppose 0 = -7*n + 6 + 288. What is the remainder when 335 is divided by n?
41
Suppose -2*w = 82 - 322. Suppose l - s = 39, w + 71 = 5*l - s. Calculate the remainder when l is divided by 10.
8
Suppose 4*b = -b - 185. Let h = b - -56. Let u(x) = -x**3 - x**2 - x + 56. Calculate the remainder when u(0) is divided by h.
18
Let l = 3 + -3. Suppose -3*r + l*w = 2*w - 138, -214 = -5*r + 2*w. What is the remainder when r is divided by 23?
21
Suppose -46*h = -47*h + 20. Calculate the remainder when 96 is divided by h.
16
Let j(x) = x**2 + 2*x + 4. Let n = -18 - -64. Calculate the remainder when n is divided by j(-4).
10
Let t(a) = -a - 3. Let o be t(0). Let n be ((-2)/(-4))/(1/18). What is the remainder when (-3)/n*o - -6 is divided by 4?
3
Let p = 38 - 32. Calculate the remainder when 9 is divided by p.
3
Suppose 5*r - 4*z - 7 = 5, 5*z + 15 = 4*r. Suppose -2*q - 2*n + 12 = r, 5*n + 0*n + 42 = 3*q. What is the remainder when 17 is divided by q?
8
Suppose 2*s + 3*s + 24 = -3*j, j + 9 = -2*s. Calculate the remainder when (-111)/(-3) + 6/s is divided by 9.
8
Let w = -2 + 3. Calculate the remainder when (8/(-12))/(w/(-15)) is divided by 3.
1
Let l(d) = d**3 - 21*d**2 - 42*d - 2. Calculate the remainder when l(23) is divided by 31.
28
Let r(m) = -m**3 - 5*m**2 + 10*m + 10. Let y = 39 - 8. What is the remainder when r(-8) is divided by y?
29
Calculate the remainder when 99 is divided by ((-45)/(-18))/(1/4).
9
Suppose -2*x + 3*d = -14, -2*x - 2*d + 0*d = -24. Suppose 4*o - x = -o. What is the remainder when -4*(-4)/12*3 is divided by o?
0
Calculate the remainder when 1/(-5) - 606/(-30) is divided by 11.
9
Suppose 2*j - 36 = -2*c + j, 5*j = -20. Suppose f - 115 = -3*m, -39 = 2*m - 3*m - f. What is the remainder when m is divided by c?
18
Let k(m) = 20*m**2 + 5*m**2 + 8*m**2 + 15*m**2. What is the remainder when k(-1) is divided by 25?
23
Let t = -1 + -4. Let a = t - -12. Suppose 2*p = 2*n + 10, -2*n + a = 2*p - n. What is the remainder when 9 is divided by p?
1
Let i be ((-3)/2)/(3/(-20)). Let w = 62 + -45. Calculate the remainder when w is divided by 3*i/3 + -1.
8
What is the remainder when 60*(21/9 - 2) is divided by 8?
4
Let s(x) = 3*x**2 + 8*x - 7. What is the remainder when s(8) is divided by 36?
33
Calculate the remainder when 29 is divided by (-20)/(-6)*(1 + 2).
9
Let o(w) = -3*w + 3. What is the remainder when 47 is divided by o(-3)?
11
Let y = 40 - 14. What is the remainder when y is divided by 15?
11
Suppose -4*i + p + 192 = 0, -5*i - 5*p + 85 = -180. Calculate the remainder when i is divided by 13.
10
Let w = 5 + -4. Calculate the remainder when w is divided by 1.
0
Let c = -37 - -55. What is the remainder when c is divided by 10?
8
Suppose -2*p + 18 = -0*p. Suppose 6*v - 102 = -0*v. What is the remainder when v is divided by p?
8
Suppose 0 = -11*l + 3*l + 48. Calculate the remainder when 39 is divided by l.
3
Let t = -4 - -15. What is the remainder when t is divided by 5?
1
Let b(z) = z**3 - 3*z**2 + 8*z + 7. Let w(c) = 3*c**3 - 10*c**2 + 24*c + 20. Let v(t) = 17*b(t) - 6*w(t). Calculate the remainder when v(6) is divided by 20.
19
Let t = 8 + -2. Suppose -f + t = 2*f. Calculate the remainder when f*2*(-60)/(-16) is divided by 8.
7
What is the remainder when (8/6)/((-14)/(-273)) is divided by 15?
11
Suppose s + 20 = 5*s. Calculate the remainder when s is divided by ((-8)/(-10))/(2/5).
1
What is the remainder when 59 is divided by -6*2/4 - -34?
28
Suppose 2*m + 5*a = -24, -4*m + 4*a - 24 = 2*a. Let d(t) = t**2 + t - 10. What is the remainder when d(m) is divided by 9?
5
Let z = 60 + -20. Let j = 4 + 7. Suppose s = j + 10. Calculate the remainder when z is divided by s.
19
Let q be (-3)/6*-1*10. Suppose -f = -q*f + 52. Let h(u) = -u**3 + 6*u**2 - 5*u + 4. What is the remainder when f is divided by h(5)?
1
Let o = -46 + 49. What is the remainder when 14 is divided by o?
2
Let o = 28 - 6. Calculate the remainder when 87 is divided by o.
21
Let y(h) = 19*h**3 + 1. What is the remainder when y(1) is divided by 11?
9
Suppose 0 = 17*f - 10*f - 224. Calculate the remainder when 124 is divided by f.
28
Let q(t) = t**3 + 3*t**2 + t + 1. Calculate the remainder when (-2)/3 - 812/(-12) is divided by q(2).
21
Suppose 2*s + 123 = -s. Suppose 0 = -4*j + 70 + 206. Let w = s + j. What is the remainder when w is divided by 15?
13
Suppose 92 = 16*n + 12. Suppose s - 3 = 4. Calculate the remainder when s is divided by n.
2
Suppose -2*f = -5*s - f + 41, 0 = -f + 4. Let p = 2 - -5. Let i = s + p. Calculate the remainder when 45 is divided by i.
13
Let m = -8 + 29. Let j(r) = 8 + r**2 + 3 + 2*r + 1 - 3*r. What is the remainder when m is divided by j(0)?
9
Suppose -4*u + u + 12 = 0. Suppose 3*x + 6 = -2*y, -y - 4 = 3*y + u*x. Let a(j) = -j + 6. What is the remainder when 7 is divided by a(y)?
1
Suppose 9 = 5*z - 3*f, 4*z - 17 = -z - f. What is the remainder when 1/3 - (-35)/z is divided by 5?
2
Let b(v) = -v - 1. Let a = 4 - 0. Suppose 25 = -u - a*u. What is the remainder when b(u) is divided by 3?
1
Suppose 4*v - 4*p = -0*p + 16, 5*v + 2*p - 13 = 0. Let u(l) = -8*l**2 + 9 - 3*l**v + 2*l**3 - 5*l - l. Calculate the remainder when 2 is divided by u(-7).
0
Let s be ((-1)/2)/(6/24). Calculate the remainder when (-294)/(-10) + (-2)/5 is divided by 9 - s*2/4.
9
Suppose 3*q - 26 = -5. Suppose 0 = q*n - 2*n - 10. Suppose 0 = -3*c + n*c, -h - 5*c = -32. What is the remainder when h is divided by 11?
10
Suppose 3 = -3*j, -5*d = -4*j + 3*j - 161. What is the remainder when 91 is divided by d?
27
Suppose -4 = 2*l - 0. Calculate the remainder when 34 is divided by (l + 8)*(-12)/(-8).
7
Suppose 26 = -4*z + 134. Let c be -1 + 3 - 2 - 2. Calculate the remainder when z is divided by 2 + 11 - (1 + c).
13
Let r(p) = p**3 + 6*p**2 + 4*p. Calculate the remainder when ((-38)/(-3))/((-6)/(-9)) is divided by r(-5).
4
Let d be (-57)/5 + (-2)/(-5). Let x = 25 + d. Calculate the remainder when 67 is divided by x.
11
Suppose 5*r = 3 + 17. Let j = r - 5. Calculate the remainder when (-2 - j)*(-46)/2 is divided by 8.
7
Let m be 12/(-10)*(-10)/3. Let s = m - -16. Calculate the remainder when s is divided by 7.
6
Let k = -23 + 32. Suppose -3*u + 10 + 68 = 0. What is the remainder